{"id":2,"date":"2013-06-15T20:46:46","date_gmt":"2013-06-15T20:46:46","guid":{"rendered":"http:\/\/schloss-binau.com\/wordpress\/?page_id=2"},"modified":"2026-03-16T10:36:02","modified_gmt":"2026-03-16T08:36:02","slug":"beispiel-seite","status":"publish","type":"page","link":"https:\/\/schloss-binau.de\/","title":{"rendered":"Schlo\u00df Binau GmbH &#8211; private Pflegeeinrichtung seit 1963"},"content":{"rendered":"<p><b>Schlo\u00df Binau &#8211; Besch\u00fctzt in Freiheit leben!<\/b><\/p>\n<p><a href=\"https:\/\/schloss-binau.de\/wordpress\/wp-content\/uploads\/2020\/07\/Schlo\u00df-TM1.jpeg\"><img loading=\"lazy\" decoding=\"async\" class=\"size-medium wp-image-689 alignright\" src=\"https:\/\/schloss-binau.de\/wordpress\/wp-content\/uploads\/2020\/07\/Schlo\u00df-TM1-300x225.jpeg\" alt=\"\" width=\"300\" height=\"225\" srcset=\"https:\/\/schloss-binau.de\/wp-content\/uploads\/2020\/07\/Schlo\u00df-TM1-300x225.jpeg 300w, https:\/\/schloss-binau.de\/wp-content\/uploads\/2020\/07\/Schlo\u00df-TM1-768x576.jpeg 768w, https:\/\/schloss-binau.de\/wp-content\/uploads\/2020\/07\/Schlo\u00df-TM1-1024x768.jpeg 1024w, https:\/\/schloss-binau.de\/wp-content\/uploads\/2020\/07\/Schlo\u00df-TM1.jpeg 1600w\" sizes=\"auto, (max-width: 300px) 100vw, 300px\" \/><\/a>Schlo\u00df Binau ist seit 1996 eine Pflegeeinrichtung, spezialisiert auf Menschen mit psychischen Beeintr\u00e4chtigungen und Krankheiten. In famili\u00e4rer Atmosph\u00e4re finden 55 Heimbewohner aller Altersgruppen ein neues Zuhause.<\/p>\n<p>Durch speziell qualifizierte Mitarbeiter (z.B.\u00a0 Gerontopsychiatrische Weiterbildung) und den unauff\u00e4llig geschlossenen Charakter der Einrichtung eignet sich Schlo\u00df Binau in besonderer Weise f\u00fcr demente und psychisch ver\u00e4nderte Menschen sowie f\u00fcr Personen mit Orientierungsst\u00f6rungen und Weglauftendenz.<\/p>\n<p>Unser Pflege- und Betreuungskonzept sieht vor, allen Bewohnern ein H\u00f6chstma\u00df an Freiheit und Selbst\u00e4ndigkeit zu erm\u00f6glichen. So k\u00f6nnen sich Bewohner, die das Gel\u00e4nde nicht verlassen d\u00fcrfen, im ganzen Schlo\u00df und im gro\u00dfz\u00fcgigen Schlo\u00dfinnenhof frei bewegen.<\/p>\n<p>Wir freuen uns \u00fcber Ihr Interesse und w\u00fcnschen Ihnen viel Spa\u00df auf unserer Homepage.<br \/>\nBei Fragen k\u00f6nnen Sie sich gerne jederzeit auch pers\u00f6nlich an uns wenden!<\/p>\n\n\n<figure class=\"wp-block-video\"><video controls src=\"https:\/\/schloss-binau.de\/wp-content\/uploads\/2026\/03\/01_imageclip_v1-1080p.mp4\"><\/video><\/figure>\n","protected":false},"excerpt":{"rendered":"<p>Schlo\u00df Binau &#8211; Besch\u00fctzt in Freiheit leben! Schlo\u00df Binau ist seit 1996 eine Pflegeeinrichtung, spezialisiert auf Menschen mit psychischen Beeintr\u00e4chtigungen und Krankheiten. In famili\u00e4rer Atmosph\u00e4re finden 55 Heimbewohner aller Altersgruppen ein neues Zuhause. Durch speziell qualifizierte Mitarbeiter (z.B.\u00a0 Gerontopsychiatrische Weiterbildung) und den unauff\u00e4llig geschlossenen Charakter der Einrichtung eignet sich Schlo\u00df [&hellip;]<\/p>\n","protected":false},"author":1,"featured_media":0,"parent":0,"menu_order":0,"comment_status":"closed","ping_status":"closed","template":"","meta":{"footnotes":""},"class_list":["post-2","page","type-page","status-publish","hentry"],"_links":{"self":[{"href":"https:\/\/schloss-binau.de\/index.php?rest_route=\/wp\/v2\/pages\/2","targetHints":{"allow":["GET"]}}],"collection":[{"href":"https:\/\/schloss-binau.de\/index.php?rest_route=\/wp\/v2\/pages"}],"about":[{"href":"https:\/\/schloss-binau.de\/index.php?rest_route=\/wp\/v2\/types\/page"}],"author":[{"embeddable":true,"href":"https:\/\/schloss-binau.de\/index.php?rest_route=\/wp\/v2\/users\/1"}],"replies":[{"embeddable":true,"href":"https:\/\/schloss-binau.de\/index.php?rest_route=%2Fwp%2Fv2%2Fcomments&post=2"}],"version-history":[{"count":6,"href":"https:\/\/schloss-binau.de\/index.php?rest_route=\/wp\/v2\/pages\/2\/revisions"}],"predecessor-version":[{"id":1103,"href":"https:\/\/schloss-binau.de\/index.php?rest_route=\/wp\/v2\/pages\/2\/revisions\/1103"}],"wp:attachment":[{"href":"https:\/\/schloss-binau.de\/index.php?rest_route=%2Fwp%2Fv2%2Fmedia&parent=2"}],"curies":[{"name":"wp","href":"https:\/\/api.w.org\/{rel}","templated":true}]}}